the prime factors of d.
7
Suppose -5*k + 3 + 7 = 0. Suppose -4 = -k*o - 0*o, -4*l = -2*o + 24. Let t = 0 - l. List the prime factors of t.
5
Let w(j) = -j - 4. Let c = -2 - 11. List the prime factors of w(c).
3
Let s(d) be the first derivative of -d**3/3 + 3*d**2 - 2*d - 2. What are the prime factors of s(5)?
3
List the prime factors of 192/20 + (-4)/(-10).
2, 5
Suppose 324 = 6*k + 48. List the prime factors of k.
2, 23
Suppose 2*h = -16 + 4. Let s(w) be the third derivative of w**5/60 + w**4/8 - 7*w**3/6 + w**2. What are the prime factors of s(h)?
11
Suppose -b - 104 = -5*n, 0*n + 3*b = 2*n - 39. Suppose w = n - 2. List the prime factors of w.
19
Let b = 9 - 6. Suppose -3 + 18 = b*z. What are the prime factors of z?
5
Let p be 2/1 - (1 - 5). Suppose 4*v - g + 11 = p*v, -4*v = -5*g + 13. What are the prime factors of v?
3
Suppose -6*n + n - 110 = 0. List the prime factors of 423/33 + (-4)/n.
13
Suppose -7*h + 120 = -2*h. Suppose s + 3*s = -h. Let z(i) = -3*i - 9. What are the prime factors of z(s)?
3
Let s(u) = u**2 - 6*u + 7. Let v be (-3 - -1 - 0) + 7. What are the prime factors of s(v)?
2
Suppose 0 = -k - 3 + 1. Let n = 16 - k. What are the prime factors of n?
2, 3
Suppose -2*g + 2*m - m = -9, -6 = -3*g - m. Let o = g - 1. Suppose -30 = -4*d + o. List the prime factors of d.
2
Let p = 75 + 2. List the prime factors of p.
7, 11
Let a(d) = d**3 - 3*d**2. Let p be a(3). Suppose p = -j + 6. List the prime factors of j.
2, 3
Let r be ((-280)/(-4) - 2) + -4. Suppose -a + 175 = 4*a + 5*q, r = 2*a + 4*q. What are the prime factors of a?
2, 19
Let f = 0 + 0. Let z be 33 + 1/(-3)*f. List the prime factors of 4/(-22) + 105/z.
3
Let x(n) = -2*n**3 - 5*n**2 - 8*n + 3*n**3 + 17*n - 1 - 4*n. Suppose -4*a + 2*a = 3*i - 6, -3*i + 2*a = -18. List the prime factors of x(i).
3
Let n(v) = v**2 + 9*v - 2. List the prime factors of n(-10).
2
Let a(f) = f**3 + 2*f**2 - 12*f + 29. What are the prime factors of a(5)?
2, 3
Let b be -1 - -15 - (2 - 2). Suppose p + b = 2*p. What are the prime factors of p?
2, 7
Let i = -2 + 2. Suppose 0 = -i*b - 5*b + 100. List the prime factors of b.
2, 5
Let t(u) = u**2 + 7*u - 11. Let g be 10/4*(-112)/(-40). Let h be -1 - g - (-4 + 5). List the prime factors of t(h).
7
What are the prime factors of (-3)/(-6)*(96 - 2)?
47
Suppose 0 = 3*s - 5*x - 159, 0 = -2*x + 6*x. List the prime factors of s.
53
Let w = 57 - 392. Let g = w - -597. List the prime factors of g/14 - (-10)/35.
19
Suppose 3*n - 2*u = 64, n = -n - 4*u + 48. Let q = n - -1. List the prime factors of q.
23
Suppose 5*o + 90 = 5*w, -w = -4*w - 3*o + 54. Let i = w - 11. List the prime factors of i.
7
Let j be (-2)/(-2) + (-5)/5. Let d = 28 + j. What are the prime factors of d?
2, 7
Let z(g) = g**3 + 10*g**2 - 11*g + 6. Let k be z(-11). Let a(y) = y**3 - 4*y**2 - 9*y + 3. List the prime factors of a(k).
3, 7
Let c = -2 - -7. Suppose c*y - 91 = -26. Suppose 0*r - 3*j + 25 = 4*r, 2*r + j = y. List the prime factors of r.
7
Suppose 0 = 9*q - 4*q. Suppose q*a + 19 = a. List the prime factors of a.
19
Let g(o) = -o**3 + 9*o**2 - 12*o - 8. Let r(f) = f**3 - f**2 + f - 1. Let i(x) = g(x) + 2*r(x). What are the prime factors of i(-8)?
2, 3
Suppose 0 = -4*l + 8 + 12. Suppose 0 = 2*c - 3*c + 4. Suppose -c*j + 1 = -b + 19, 4*b - l*j - 61 = 0. List the prime factors of b.
2, 7
Suppose -4*k - 10 = -5*j, j + 3 = 2*k + 5. Suppose j*q + 59 = 6*q + 3*u, -14 = -q - u. What are the prime factors of q?
17
Suppose -147 = w - 2*w. List the prime factors of w.
3, 7
Suppose 3*m - 17 = l + 4*m, 4*l - m = -43. Let k = -6 - l. What are the prime factors of -2*5/k*-3?
5
Let x(z) = -2*z - 2. Suppose -q + 2*q = -t, -q = 5*t - 12. Let b be x(q). Suppose b*a - s = 5 + 8, -4*a - s = -19. List the prime factors of a.
2
Suppose -98 = -c + 5*l, 2*l = -3*c + 2*c + 70. Let f = c + -54. What are the prime factors of f?
2, 3
What are the prime factors of -10 + 48 + (1 - 2)?
37
List the prime factors of 3*2*70/84.
5
Let a = 5 - -3. Suppose -a - 43 = -q. What are the prime factors of q?
3, 17
Let o(k) = k**2 + 7*k + 9. Let a be o(-6). What are the prime factors of (-2)/a + 14/3?
2
Suppose -3*v + 3*o = -153, 0 = -v - 5*o - 24 + 93. Let u = v - 37. List the prime factors of u.
17
Suppose -3*t + 2*q = -32, -q = -2*t - 5*q. What are the prime factors of t?
2
Let w(u) = 2*u**2 - 18*u + 6. List the prime factors of w(14).
2, 73
Suppose o + 2*o = 15. Suppose 0 = -3*g + 4*f - 14, -g + o*g - 3*f + 7 = 0. List the prime factors of 60/(-6)*g/(-4).
5
Suppose 0*w = 4*u + 2*w - 138, 0 = -3*u + w + 116. Suppose 0 = 5*b - 8 - u. What are the prime factors of b?
3
Let p = -9 + 9. Let g be (4 + p + -2)*2. Let m = 6 - g. What are the prime factors of m?
2
Let r = -13 + 3. Let f be (r/2 - -3)/(-1). Suppose 9 = f*h - 3*t - 2, 4*h + t - 57 = 0. What are the prime factors of h?
13
What are the prime factors of 189/49 - (-1)/7?
2
Let p = 20 + -16. List the prime factors of p.
2
Let h(m) = m**3 + 2*m**2 - m. Let f be h(1). Suppose 3*b + g = 139, 3*b - 91 = f*g + 63. What are the prime factors of b?
2, 3
Let z(u) = -4*u - 7 + 3*u**2 - u**3 - u**2 + 4*u**2. Let y be z(5). List the prime factors of y + -1 + 16 + -2.
11
Let k be -2 + 1/(2/8). Suppose -y + k + 1 = 0. Suppose y*z - 24 = 6. What are the prime factors of z?
2, 5
Let n(v) = v - 6. Let k be n(8). Let f = 6 - 4. Suppose -f*s + 5 = k*w - 1, -18 = -5*s - 2*w. What are the prime factors of s?
2
Suppose f - 4*f = 5*y - 16, 4*y - 4*f = 0. Let m = -5 - -7. Suppose -r + 2*r - 3*x = 9, -m*x - 22 = -y*r. What are the prime factors of r?
2, 3
Suppose -3*g - 2*a + 7*a = -17, 13 = 3*g - a. Let j = -6 + g. Let s = 0 - j. What are the prime factors of s?
2
Suppose -10 + 2 = -4*t. What are the prime factors of t?
2
Suppose -2*g + 105 = -13. Let f = g - 39. What are the prime factors of f?
2, 5
Let s(l) = -l**3 - 4*l**2 + 2*l - 1. Let y be s(-5). Let z = y + -7. Let k = z + 6. What are the prime factors of k?
13
Let u(v) = -16*v + 1. Let y(f) = 5*f. Let i(r) = -2*u(r) - 7*y(r). What are the prime factors of i(-4)?
2, 5
Let m(w) = 0 - 1 - 2*w + 5 - w**2. Let z be m(-4). Let u = z - -8. List the prime factors of u.
2
Let g(j) = -j - 3 + 0 + 3*j - j + j**2. List the prime factors of g(3).
3
Suppose 6*v = v + 690. List the prime factors of v.
2, 3, 23
Let y(k) be the third derivative of -k**6/120 + 7*k**5/60 + 3*k**4/8 - 2*k**3/3 + k**2. List the prime factors of y(8).
2
Suppose -3*n + 5*x + 11 = -0*x, 4*n + 8 = x. Let v = 2 + n. List the prime factors of (-24)/(-3) + 1/v.
7
Suppose 3*v - 2*v = 3. Suppose v*n + 1 - 25 = 0. List the prime factors of n.
2
Suppose 3*v + 126 = 4*v. What are the prime factors of v?
2, 3, 7
Suppose 1 = u - 3, u = 2*o + 16. Suppose -q + 2*q = 8. Let t = o + q. What are the prime factors of t?
2
Suppose -4*f + 8*f = 12. Let q = 9 + f. List the prime factors of q.
2, 3
Let l(y) = -10*y - 3. List the prime factors of l(-2).
17
Let h(f) = f**3 + 4*f**2 - 2*f - 3. Let z be h(3). What are the prime factors of 5/((-20)/z)*-2?
3
Suppose -8*d = -4*d. Suppose d = 4*f - 7*f + 24. What are the prime factors of f?
2
Let p = 14 + -23. Let b be -32*(p/6)/3. Let x = b + -4. List the prime factors of x.
2, 3
Let w(m) = -2*m + 7. Let n(y) = 5*y - 15. Let l(d) = -6*n(d) - 14*w(d). Let o be l(-7). What are the prime factors of (-10)/(-5 - (3 - o))?
5
Let u be 30/8 - 1/(-4). Suppose u*y + 16 = 76. What are the prime factors of y?
3, 5
Suppose 39 = 7*k - 17. List the prime factors of k.
2
Suppose 0 = -y - y. Suppose f = -y*f + 32. List the prime factors of f.
2
Suppose 2*f - 114 = 6. Suppose 2*m = -m + f. List the prime factors of m.
2, 5
Let q = -61 - -7. List the prime factors of 4/(-4*3/q).
2, 3
Let n = 20 + -14. Let u(j) = j**2 - 4*j. List the prime factors of u(n).
2, 3
List the prime factors of (-7)/((-245)/7518) - 2/(-10).
5, 43
Suppose 32 = -3*g - r, -2*g + 5*r - 8 = -3*g. Let k be 1/(-3) - 28/g. Suppose -k*n + 45 = 3*n. List the prime factors of n.
3
Let r(l) = 7*l - 5. List the prime factors of r(7).
2, 11
Let u be 1/10*4*100. Let r = u - 11. List the prime factors of r.
29
Let f = 41 - 10. What are the prime factors of f?
31
Let c be (-1 + -2 - -3)/1. Suppose 12 = 2*i + v, -i + 3*i - 4*v - 12 = c. What are the prime factors of i?
2, 3
Suppose -14 - 1 = -5*j. Suppose 15 = -0*h + j*h. Le